 the prime factors of u(-6).
5, 7
Let a(v) = -36*v**3 + v**2 - 2*v - 2. Let h be a(-1). Let y = -34 + h. What are the prime factors of 4128/42 - y*2/21?
2, 7
What are the prime factors of 3*(-40)/15 + (-1 - -30018)?
3, 7, 1429
Suppose 47385 = -4*m + 304813. Suppose 36989 + m = 57*z. What are the prime factors of z?
2, 7, 127
Let o(n) be the second derivative of 10*n**3 + 7*n**2 - 5*n - 2. What are the prime factors of o(7)?
2, 7, 31
Let c(u) = 1119*u**2 - 21*u - 22. What are the prime factors of c(-1)?
2, 13, 43
Let a = 7987 + -6359. List the prime factors of a.
2, 11, 37
Suppose 0 = -2*z + 5*q + 14475, 3*q = 26 - 23. What are the prime factors of z?
2, 5, 181
Let c(p) = -44*p**2 + 3*p - 11. Let j(a) = -11 - 50*a**2 + 63*a**2 + 3*a - 57*a**2. Let d(h) = 3*c(h) - 4*j(h). List the prime factors of d(2).
181
Let x(n) = -2*n + 23. Let y be x(10). Suppose 3*j - 2*j = y. Suppose -j*b - u + 149 = -b, 78 = b - 3*u. List the prime factors of b.
3, 5
Let p = -4686 + 7783. List the prime factors of p.
19, 163
Let g = 140 - 92. Let y be 1*376/g - (-1)/6. List the prime factors of (7 - y)/((-1)/50) + 3.
53
Let p = -775 - -1518. Let x = -242 + p. List the prime factors of x.
3, 167
Let o(v) = 4*v - 15. Let x(f) = -7*f + 32. Let l(j) = 5*o(j) + 3*x(j). Suppose -3*k + 2*i + i + 15 = 0, -5*i = -3*k + 15. What are the prime factors of l(k)?
2
Let r(n) = n**3 - 14*n**2 - 31*n - 70. Let u be r(16). Let v = -188 + 304. Let a = v + u. What are the prime factors of a?
2, 31
Let v(t) = 5*t**3 + 4*t**2 - 13*t - 1. Let i be v(6). Let n = i - -311. What are the prime factors of n?
2, 7, 13
Suppose 13*u - 25*u + 164395 = 23*u. What are the prime factors of u?
7, 11, 61
Suppose -5*i + 2*b - b - 4000 = 0, 2*i - 2*b = -1608. What are the prime factors of (-5)/(2 - i/(-397))?
397
Let k = -285 + 683. Let z = k - 147. List the prime factors of z.
251
Let m(s) = -s**3 + 11*s**2 + 22*s - 36. Let i be m(11). Suppose -4*c + i = -174. What are the prime factors of c?
5, 19
Let z be 3/(-5 + 2)*0. Let c(d) = d**3 + d + 362. What are the prime factors of c(z)?
2, 181
Suppose 4*k = 5*h - 200175, h - 391*k + 392*k - 40026 = 0. What are the prime factors of h?
40031
Let q be -10*(-2)/10*(-45)/(-2). Suppose -4*f + 987 = -q. List the prime factors of f.
2, 3, 43
Let h(b) = -3159*b + 108. Let m be h(-5). Suppose -5361 = 21*u - m. What are the prime factors of u?
2, 251
Suppose -1724494 - 3514080 = -242*t. What are the prime factors of t?
21647
Suppose 0*v - v - w - 30 = 0, v + 26 = w. Let p be -1*4 - (-1 + 1). What are the prime factors of (v/2)/(p*(-4)/(-24))?
3, 7
Let d be -4 - 792/(-45) - (-6)/(-10). Suppose 3*r - d*r = -2580. What are the prime factors of r?
2, 3, 43
Suppose -5*o + 17 = -13. Suppose -o = -k - 1. Suppose -z = -k*z + 356. What are the prime factors of z?
89
Suppose 72 + 98 = 5*q. Let c be (8/(-24))/(4/196)*-3. Let t = q + c. List the prime factors of t.
83
Let o be 5 - ((20/5)/(-1))/(-2). Suppose -4*v + 4*c = -4112, 0 = v + 3*v + o*c - 4119. List the prime factors of v.
3, 7
Suppose r = v - 153, -v - 14*r + 9*r = -135. Let j = 451 - v. What are the prime factors of j?
7, 43
Let n(d) = -3*d**2 + 29*d - 5. Let t be n(8). List the prime factors of (60/t)/((-4)/(-1050)).
2, 3, 5
Let x(m) = 44*m + 486*m**2 - 160*m**2 - 34 - 168*m**2 - 159*m**2. List the prime factors of x(27).
5, 17
Let c(v) = 14*v + 8 + 12*v - 2*v. Let x be c(4). Let m = -22 + x. List the prime factors of m.
2, 41
Let l(x) = -4785*x + 87. List the prime factors of l(-1).
2, 3, 7, 29
Let s(d) be the first derivative of -d**4/4 - 2*d**3/3 - 5*d**2/2 - 2*d + 12. Let o be s(-2). List the prime factors of 2/(o/26)*4.
2, 13
Let b(q) be the second derivative of -q**4/12 - q**3/3 + 530*q**2 - 95*q. List the prime factors of b(0).
2, 5, 53
Let r be (6/(-1))/(3/2). Let b(s) = 2*s**3 - 3*s**2 + 10. Let k(c) = 5*c**3 - 9*c**2 + c + 30. Let j(y) = -8*b(y) + 3*k(y). What are the prime factors of j(r)?
2, 7
Suppose 0 = -4*d - 4*c - 292, -d + 3*c - 69 = 6*c. Let o be (-2)/2*(51 - 0). Let g = o - d. What are the prime factors of g?
2, 3
Let x = -596 - -1772. What are the prime factors of x?
2, 3, 7
Let v(z) = 3*z**2 + 9*z + 11. Let p be v(-2). List the prime factors of 4 + (-5 - -13*(32 - p)).
2, 5, 7
Suppose 7*y = 9 + 19. Suppose 2808 = 2*w + y*w. Suppose -5*u = -17*u + w. List the prime factors of u.
3, 13
Let c(n) = 77*n**2 + n + 4. Let t = 667 - 669. What are the prime factors of c(t)?
2, 5, 31
Let v = 14 + 9. Suppose -v*q + q + 8690 = 0. What are the prime factors of q?
5, 79
Suppose 0 = 5*x + 1469*w - 1473*w - 334208, -4*w = x - 66880. What are the prime factors of x?
2, 2089
Let m(d) = -6*d + 44. Let j be m(7). List the prime factors of -2 + j + 87 + 1 + 1.
89
Suppose 0*u = u. Let r(m) be the third derivative of m**4/3 + m**3/2 - m**2 - 153*m. What are the prime factors of r(u)?
3
Let m be -2 + (2 + -1 - (-3)/1). List the prime factors of m/8 - (4022/(-8) + -1).
2, 3, 7
Let c = 1490 - 820. Let n = 1420 - c. List the prime factors of n.
2, 3, 5
Suppose -2*f = -308 + 88. Suppose -f*s = -116*s + 4464. What are the prime factors of s?
2, 3, 31
Let i = 439 - 359. Suppose 908 + i = d. List the prime factors of d.
2, 13, 19
Suppose -m = -3*m - 10, -5*m - 1973 = -2*t. Suppose -2*c = -7*n + 5*n + t, 0 = -4*n - 2*c + 1936. What are the prime factors of n?
5, 97
Suppose 8843 = 4*g - 5*x, -11064 = -13*g + 8*g - 4*x. What are the prime factors of (-3)/3*(g + -2)/(-5)?
2, 13, 17
Let l be -21*(-2 - -1)*12/42. List the prime factors of 2548/l + 4/(-6).
2, 53
Let g be (-9)/(-6)*6*158. Suppose 26*b - 731 = -185. Suppose -27*f = -b*f - g. List the prime factors of f.
3, 79
Suppose 48 + 24 = -8*q. Let j be (69 - 0) + q + 5. Let d = j - 16. List the prime factors of d.
7
Suppose -69*g - 48 = -93*g. Suppose k = 2*p + 3*k - 2072, -3*p = -g*k - 3133. What are the prime factors of p?
3, 347
Suppose 4*z = -4*c - 7156, -3*c + 8913 = -8*c + 3*z. Let v = c + 3350. List the prime factors of v.
5, 313
Suppose -12 = -4*k, -281 = -2*d + 2*k - 7*k. Let i = d - 55. What are the prime factors of i?
2, 3, 13
Let b(z) = -9*z**2 - 10*z - 56. Let y(q) = 3*q**2 + 4*q + 18. Let x(m) = -4*b(m) - 11*y(m). What are the prime factors of x(9)?
233
Let h(j) be the second derivative of j**4/12 - 5*j**3/6 + 3*j**2 - 11*j. Let d be h(4). What are the prime factors of 54/(22/8 - d)?
2, 3
List the prime factors of 103*4/(-2)*(8 + -353 + 7).
2, 13, 103
Suppose 4*t - 2*n + 51 + 33 = 0, 30 = -t - 4*n. Let o be (-42)/t + 1/11. Suppose 102 = -o*u + 8*u. List the prime factors of u.
17
Let n be ((-2)/4)/(20/(-320)). Let m be (7 - n)/((2/2)/(-28)). Suppose -84 = -z + 5*k, 0 = z - 3*k - m - 56. List the prime factors of z.
2, 3, 7
Let p = -11860 - -16769. What are the prime factors of p?
4909
Let p = -90 + 98. List the prime factors of ((-18)/p)/((-1)/52).
3, 13
Let x(n) = 4*n**3 - 5*n**2 + 2*n + 11. Let o(t) = 3*t**3 - 3*t**2 + t + 6. Let p(d) = 5*o(d) - 2*x(d). What are the prime factors of p(2)?
2, 23
Let u(q) = q**3 + q**2 - 9*q + 3. Let y be u(2). List the prime factors of (1266 - y)*(-62)/(-93).
2, 3, 47
Let v(h) = -1395*h + 10154. What are the prime factors of v(-20)?
2, 53, 359
Let p(n) = -n**2 - 6*n + 38. Let i(a) = a**2 + 6*a - 39. Let s(x) = -3*i(x) - 4*p(x). List the prime factors of s(17).
2, 89
Let n(v) = -18*v - 18. Let s(w) = -w**2 - 4*w + 3. Let t be s(-3). Suppose t*u + 36 = -0*u. What are the prime factors of n(u)?
2, 3, 5
Let q(v) = 26*v**2 + 16*v - 36. Let i be q(3). Suppose 0 = u - 336 - i. List the prime factors of u.
2, 3, 97
Let p(u) = -115*u - 131. List the prime factors of p(-44).
3, 31, 53
Suppose -4*x + b + 2471 = 0, 1228 = -2*x + 4*x + 2*b. Let u = -11 + x. What are the prime factors of u?
2, 3, 101
Let c(g) = -5*g**2 + 3*g - 2. Let v be c(-2). What are the prime factors of 0 + 5910/14 + 4/v?
2, 211
Let l = -3712 - -3716. Suppose 2*i - 315 = 3*z, 5*i + 5*z = i + 619. Suppose -312 = -l*q + 2*t, 6*q - i = 4*q - 5*t. What are the prime factors of q?
2, 3, 13
Suppose 0 = 4*v - 77 - 2931. Let m = v - 230. List the prime factors of m.
2, 3, 29
Suppose 4*h + 4*z - 304 = 0, 3*z + 147 = 7*h - 5*h. Let l = 33 + -85. Let v = l + h. What are the prime factors of v?
23
Suppose 4*t = 1605 + 3999. Suppose 0 = 4*i - t - 855. Let n = -379 + i. List the prime fa